96686 is divided by 184834.
6
Calculate the remainder when 2229615 is divided by 9776.
687
Calculate the remainder when 3208795 is divided by 420.
415
Calculate the remainder when 9842236 is divided by 1761.
7
Calculate the remainder when 134088 is divided by 1896.
1368
Calculate the remainder when 61366940 is divided by 9359.
9336
What is the remainder when 23371 is divided by 2687?
1875
Calculate the remainder when 10180172 is divided by 2842.
128
What is the remainder when 67772751 is divided by 958?
957
What is the remainder when 5374202 is divided by 40?
2
Calculate the remainder when 21059 is divided by 4201.
54
What is the remainder when 13630 is divided by 12478?
1152
Calculate the remainder when 1110830 is divided by 288.
14
What is the remainder when 737997 is divided by 85?
27
Calculate the remainder when 5163248 is divided by 344213.
53
What is the remainder when 16609 is divided by 7607?
1395
Calculate the remainder when 155887 is divided by 25966.
91
What is the remainder when 3974957 is divided by 456?
5
Calculate the remainder when 2023416 is divided by 588.
108
What is the remainder when 29540627 is divided by 9846875?
2
What is the remainder when 1181283 is divided by 8?
3
What is the remainder when 1279220 is divided by 8643?
56
Calculate the remainder when 1244380 is divided by 311086.
36
Calculate the remainder when 299212 is divided by 24833.
1216
What is the remainder when 44138 is divided by 68?
6
What is the remainder when 9678368 is divided by 2419591?
4
What is the remainder when 7432041 is divided by 2477210?
411
Calculate the remainder when 4894818 is divided by 978958.
28
What is the remainder when 303438 is divided by 75858?
6
What is the remainder when 40616621 is divided by 529?
1
Calculate the remainder when 879425 is divided by 373.
264
What is the remainder when 3255088 is divided by 2272?
1584
Calculate the remainder when 8756110 is divided by 5240.
70
Calculate the remainder when 9818198 is divided by 454.
448
Calculate the remainder when 4680388 is divided by 119.
118
What is the remainder when 36777 is divided by 6842?
2567
What is the remainder when 16585121 is divided by 236?
221
What is the remainder when 1229192 is divided by 5996?
12
Calculate the remainder when 9221691 is divided by 512313.
57
Calculate the remainder when 651341 is divided by 161.
96
What is the remainder when 7551701 is divided by 345?
341
Calculate the remainder when 276613 is divided by 173.
159
Calculate the remainder when 9688265 is divided by 42.
41
What is the remainder when 18866980 is divided by 571726?
22
What is the remainder when 1536208 is divided by 2845?
2753
What is the remainder when 121358 is divided by 1714?
1378
Calculate the remainder when 2831020 is divided by 143.
49
Calculate the remainder when 13223 is divided by 6468.
287
Calculate the remainder when 13149953 is divided by 731.
725
Calculate the remainder when 851552 is divided by 328.
64
Calculate the remainder when 8914423 is divided by 181.
173
Calculate the remainder when 35437980 is divided by 162.
156
What is the remainder when 9747483 is divided by 42?
39
What is the remainder when 3363564 is divided by 12597?
165
What is the remainder when 67696084 is divided by 1032?
1012
What is the remainder when 231105334 is divided by 6?
4
Calculate the remainder when 409458 is divided by 456.
426
What is the remainder when 18663 is divided by 11142?
7521
What is the remainder when 2724171 is divided by 5111?
8
What is the remainder when 24508 is divided by 4735?
833
Calculate the remainder when 30894528 is divided by 1287272.
0
What is the remainder when 853724 is divided by 65?
14
Calculate the remainder when 915416 is divided by 118.
90
What is the remainder when 199884029 is divided by 449?
5
Calculate the remainder when 27274586 is divided by 6125.
6086
What is the remainder when 12499997 is divided by 500?
497
What is the remainder when 961399 is divided by 46?
45
Calculate the remainder when 2100366 is divided by 1046.
1044
Calculate the remainder when 17157837 is divided by 30.
27
Calculate the remainder when 14606046 is divided by 293.
289
Calculate the remainder when 25632 is divided by 900.
432
Calculate the remainder when 4168820 is divided by 142.
126
Calculate the remainder when 62814420 is divided by 1034.
988
What is the remainder when 11382885 is divided by 1076?
957
What is the remainder when 150397 is divided by 5006?
217
Calculate the remainder when 881777 is divided by 881226.
551
What is the remainder when 876223 is divided by 291776?
895
Calculate the remainder when 8149 is divided by 7770.
379
What is the remainder when 17689 is divided by 5659?
712
What is the remainder when 5835541 is divided by 147?
82
Calculate the remainder when 103715 is divided by 1700.
15
What is the remainder when 4287888 is divided by 178657?
120
What is the remainder when 8276911 is divided by 151?
148
Calculate the remainder when 266913 is divided by 88796.
525
What is the remainder when 85105 is divided by 42548?
9
Calculate the remainder when 391454279 is divided by 504.
503
What is the remainder when 246247 is divided by 69?
55
What is the remainder when 3107093 is divided by 776764?
37
What is the remainder when 33012 is divided by 1941?
15
What is the remainder when 28186364 is divided by 187909?
14
Calculate the remainder when 55702 is divided by 12699.
4906
Calculate the remainder when 457873 is divided by 484.
9
Calculate the remainder when 19337930 is divided by 38.
34
Calculate the remainder when 60886 is divided by 12107.
351
What is the remainder when 2578854 is divided by 143269?
12
Calculate the remainder when 13885010 is divided by 721.
713
Calculate the remainder when 460812666 is divided by 48.
42
Calculate the remainder when 26845 is divided by 12317.
2211
Calculate the remainder when 77888270 is divided by 31.
26
Calculate the remainder when 33845567 is divided by 1975.
1967
Calculate the remainder when 2103903 is divided by 481.
9
Calculate the remainder when 43314 is divided by 4300.
314
Calculate the remainder when 2248908 is divided by 374.
46
What is the remainder when 180589 is divided by 158?
153
Calculate the remainder when 2806093871 is divided by 18.
17
Calculate the remainder when 186464990 is divided by 4199.
4196
Calculate the remainder when 2181375 is divided by 4969.
4953
What is the remainder when 1030577 is divided by 128818?
33
What is the remainder when 212268 is divided by 1042?
742
What is the remainder when 13379660 is divided by 27?
26
Calculate the remainder when 55719316 is divided by 5.
1
What is the remainder when 140832 is divided by 482?
88
What is the remainder when 165047 is divided by 163258?
1789
What is the remainder when 3882038 is divided by 1225?
13
Calculate the remainder when 17327465 is divided by 4536.
4481
What is the remainder when 9713110 is divided by 8309?
8198
Calculate the remainder when 7532181 is divided by 19.
11
What is the remainder when 12121539 is divided by 123?
12
Calculate the remainder when 174384 is divided by 58120.
24
Calculate the remainder when 33124176 is divided by 637003.
20
Calculate the remainder when 2107110 is divided by 421422.
0
Calculate the remainder when 134428 is divided by 857.
736
What is the remainder when 923091 is divided by 32?
19
What is the remainder when 25833077 is divided by 5166603?
62
What is the remainder when 454073 is divided by 527?
326
What is the remainder when 158655832 is divided by 579?
568
Calculate the remainder when 21846192 is divided by 63.
60
What is the remainder when 2323310 is divided by 282?
194
Calculate the remainder when 5346229 is divided by 73.
1
Calculate the remainder when 2611237 is divided by 1346.
1343
Calculate the remainder when 14265479 is divided by 436.
431
What is the remainder when 83192240 is divided by 78930?
20
What is the remainder when 312905342 is divided by 6304?
6302
Calculate the remainder when 764410 is divided by 5029.
2
Calculate the remainder when 120176 is divided by 30.
26
Calculate the remainder when 299195 is divided by 3053.
1
Calculate the remainder when 491561 is divided by 265.
251
What is the remainder when 2859585 is divided by 10?
5
Calculate the remainder when 15444 is divided by 15196.